{"id":22,"date":"2020-03-08T12:04:04","date_gmt":"2020-03-08T12:04:04","guid":{"rendered":"http:\/\/tanzsport-willich.de\/?page_id=22"},"modified":"2025-12-29T13:12:06","modified_gmt":"2025-12-29T13:12:06","slug":"kindertanz","status":"publish","type":"page","link":"https:\/\/tanzsport-willich.de\/?page_id=22","title":{"rendered":"Kindertanz"},"content":{"rendered":"\n<p>Tanzen, singen, lachen \u2026 Kinder haben Spa\u00df an Musik und Bewegung! Voller Freude und Energie werden Motorik, Rhythmusgef\u00fchl, Teamgeist und Selbstbewusstsein gef\u00f6rdert. Nach dem Erlernen grundlegender Bewegungsformen werden auf spielerische Art immer komplexere Schrittfolgen beim Kindertanz getanzt.<\/p>\n\n\n\n<p>Wir tanzen zu Musik die Spa\u00df macht, Kinderlieder wie aktuelle Hits aus den Charts!<\/p>\n\n\n\n<h2 class=\"wp-block-heading\">Kindertanz<\/h2>\n\n\n\n<figure class=\"wp-block-table\"><table><tbody><tr><td><strong>Tag<\/strong><\/td><td><strong>Kindertanz<\/strong> <strong>1<\/strong> <\/td><td><strong>Kindertanz 2<\/strong><\/td><\/tr><tr><td><strong>Alter<\/strong><\/td><td>ab 4 Jahre<\/td><td>ab 6 Jahren<\/td><\/tr><tr><td><strong>Dienstag<\/strong><\/td><td><strong>15:30 &#8211; 16:15 Uhr<\/strong><br><\/td><td><strong><strong>16:15 &#8211; 17:00 Uhr<\/strong><\/strong><br><\/td><\/tr><tr><td><strong>Ort<\/strong><\/td><td>Vereinsheim DJK-VfL Willich<br>Schiefbahner Str. 10a<\/td><td>Vereinsheim DJK-VfL Willich<br>Schiefbahner Str. 10a<\/td><\/tr><\/tbody><\/table><\/figure>\n\n\n\n<h2 class=\"wp-block-heading\">Standard und Latein f\u00fcr Kinder<\/h2>\n\n\n\n<figure class=\"wp-block-table\"><table><tbody><tr><td><strong>Tag<\/strong><\/td><td>Standard und Latein f\u00fcr Bambinis<\/td><\/tr><tr><td><strong>Alter<\/strong><\/td><td>ab 6 Jahre<\/td><\/tr><tr><td><strong>Mittwoch<\/strong><\/td><td><strong>15:30 bis 16:15 Uhr<\/strong><\/td><\/tr><tr><td><\/td><td>Vereinsheim DJK-VfL Willich<br>Schiefbahner Str. 10a<\/td><\/tr><\/tbody><\/table><\/figure>\n\n\n\n<h2 class=\"wp-block-heading\">Standard und Latein f\u00fcr Kinder<\/h2>\n\n\n\n<figure class=\"wp-block-table\"><table><tbody><tr><td><strong>Tag<\/strong><\/td><td>Standard und Latein f\u00fcr Kids<\/td><\/tr><tr><td><strong>Alter<\/strong><\/td><td>ab 10 Jahre<\/td><\/tr><tr><td><strong>Mittwoch<\/strong><\/td><td><strong>16:15 &#8211; 17:00 Uhr.<\/strong><\/td><\/tr><tr><td><\/td><td>Vereinsheim DJK-VfL Willich<br>Schiefbahner Str. 10a<\/td><\/tr><\/tbody><\/table><\/figure>\n\n\n\n<div style=\"height:0px\" aria-hidden=\"true\" class=\"wp-block-spacer\"><\/div>\n\n\n\n<p><\/p>\n\n\n\n<h2 class=\"wp-block-heading\">Kindertanz in der Presse<\/h2>\n\n\n\n<p><a href=\"https:\/\/www.wz.de\/nrw\/kreis-viersen\/willich-und-toenisvorst\/vfl-willich-bietet-tanzsport-fuer-kinder-ab-drei-jahren_aid-52481139\">Kleine F\u00fc\u00dfe auf dem Tanzparkett <\/a><br>Zeitungsbericht in der WZ<\/p>\n\n\n\n<h2 class=\"wp-block-heading\">Unsere Trainer*innen<\/h2>\n\n\n\n<h4 class=\"wp-block-heading\"><\/h4>\n\n\n\n<p><strong>Til Frederik Holzmann<br><\/strong>Telefon 0179 1138998 | <br>E-Mail <a href=\"m&#97;&#x69;&#x6c;&#x74;o&#58;&#x6d;&#x69;&#x72;k&#111;&#x5f;&#x62;&#x6f;n&#110;&#x6d;&#x61;&#x6e;n&#64;&#x79;&#x61;&#x68;o&#111;&#x2e;&#x64;&#x65;\">&#109;i&#x72;k&#x6f;_&#x62;o&#x6e;n&#x6d;a&#x6e;&#110;&#x40;&#121;&#x61;&#104;&#x6f;&#111;&#x2e;&#100;&#x65;<\/a><\/p>\n\n\n\n<h3 class=\"wp-block-heading\"><\/h3>\n\n\n\n<p>Mehr Informationen zu unseren Trainern findest Du <a href=\"https:\/\/tanzsport-willich.de\/?page_id=489\">hier<\/a>.<\/p>\n","protected":false},"excerpt":{"rendered":"<p>Tanzen, singen, lachen \u2026 Kinder haben Spa\u00df an Musik und Bewegung! Voller Freude und Energie werden Motorik, Rhythmusgef\u00fchl, Teamgeist und Selbstbewusstsein gef\u00f6rdert. Nach dem Erlernen grundlegender Bewegungsformen werden auf spielerische Art immer komplexere Schrittfolgen beim Kindertanz getanzt. Wir tanzen zu Musik die Spa\u00df macht, Kinderlieder wie aktuelle Hits aus den Charts! Kindertanz Tag Kindertanz 1&#8230;<\/p>\n","protected":false},"author":1,"featured_media":0,"parent":0,"menu_order":0,"comment_status":"closed","ping_status":"closed","template":"","meta":{"_kad_post_transparent":"","_kad_post_title":"","_kad_post_layout":"","_kad_post_sidebar_id":"","_kad_post_content_style":"","_kad_post_vertical_padding":"","_kad_post_feature":"","_kad_post_feature_position":"","_kad_post_header":false,"_kad_post_footer":false,"footnotes":""},"_links":{"self":[{"href":"https:\/\/tanzsport-willich.de\/index.php?rest_route=\/wp\/v2\/pages\/22"}],"collection":[{"href":"https:\/\/tanzsport-willich.de\/index.php?rest_route=\/wp\/v2\/pages"}],"about":[{"href":"https:\/\/tanzsport-willich.de\/index.php?rest_route=\/wp\/v2\/types\/page"}],"author":[{"embeddable":true,"href":"https:\/\/tanzsport-willich.de\/index.php?rest_route=\/wp\/v2\/users\/1"}],"replies":[{"embeddable":true,"href":"https:\/\/tanzsport-willich.de\/index.php?rest_route=%2Fwp%2Fv2%2Fcomments&post=22"}],"version-history":[{"count":46,"href":"https:\/\/tanzsport-willich.de\/index.php?rest_route=\/wp\/v2\/pages\/22\/revisions"}],"predecessor-version":[{"id":2826,"href":"https:\/\/tanzsport-willich.de\/index.php?rest_route=\/wp\/v2\/pages\/22\/revisions\/2826"}],"wp:attachment":[{"href":"https:\/\/tanzsport-willich.de\/index.php?rest_route=%2Fwp%2Fv2%2Fmedia&parent=22"}],"curies":[{"name":"wp","href":"https:\/\/api.w.org\/{rel}","templated":true}]}}

<p>Tanzen, singen, lachen … Kinder haben Spaß an Musik und Bewegung! Voller Freude und Energie werden Motorik, Rhythmusgefühl, Teamgeist und Selbstbewusstsein gefördert. Nach dem Erlernen grundlegender Bewegungsformen werden auf spielerische Art immer komplexere Schrittfolgen beim Kindertanz getanzt.</p>



<p>Wir tanzen zu Musik die Spaß macht, Kinderlieder wie aktuelle Hits aus den Charts!</p>



<h2 class="wp-block-heading">Kindertanz</h2>



<figure class="wp-block-table"><table><tbody><tr><td><strong>Tag</strong></td><td><strong>Kindertanz</strong> <strong>1</strong> </td><td><strong>Kindertanz 2</strong></td></tr><tr><td><strong>Alter</strong></td><td>ab 4 Jahre</td><td>ab 6 Jahren</td></tr><tr><td><strong>Dienstag</strong></td><td><strong>15:30 &#8211; 16:15 Uhr</strong><br></td><td><strong><strong>16:15 &#8211; 17:00 Uhr</strong></strong><br></td></tr><tr><td><strong>Ort</strong></td><td>Vereinsheim DJK-VfL Willich<br>Schiefbahner Str. 10a</td><td>Vereinsheim DJK-VfL Willich<br>Schiefbahner Str. 10a</td></tr></tbody></table></figure>



<h2 class="wp-block-heading">Standard und Latein für Kinder</h2>



<figure class="wp-block-table"><table><tbody><tr><td><strong>Tag</strong></td><td>Standard und Latein für Bambinis</td></tr><tr><td><strong>Alter</strong></td><td>ab 6 Jahre</td></tr><tr><td><strong>Mittwoch</strong></td><td><strong>15:30 bis 16:15 Uhr</strong></td></tr><tr><td></td><td>Vereinsheim DJK-VfL Willich<br>Schiefbahner Str. 10a</td></tr></tbody></table></figure>



<h2 class="wp-block-heading">Standard und Latein für Kinder</h2>



<figure class="wp-block-table"><table><tbody><tr><td><strong>Tag</strong></td><td>Standard und Latein für Kids</td></tr><tr><td><strong>Alter</strong></td><td>ab 10 Jahre</td></tr><tr><td><strong>Mittwoch</strong></td><td><strong>16:15 &#8211; 17:00 Uhr.</strong></td></tr><tr><td></td><td>Vereinsheim DJK-VfL Willich<br>Schiefbahner Str. 10a</td></tr></tbody></table></figure>



<div style="height:0px" aria-hidden="true" class="wp-block-spacer"></div>



<p></p>



<h2 class="wp-block-heading">Kindertanz in der Presse</h2>



<p><a href="https://www.wz.de/nrw/kreis-viersen/willich-und-toenisvorst/vfl-willich-bietet-tanzsport-fuer-kinder-ab-drei-jahren_aid-52481139">Kleine Füße auf dem Tanzparkett </a><br>Zeitungsbericht in der WZ</p>



<h2 class="wp-block-heading">Unsere Trainer*innen</h2>



<h4 class="wp-block-heading"></h4>



<p><strong>Til Frederik Holzmann<br></strong>Telefon 0179 1138998 | <br>E-Mail <a href="m&#97;&#x69;&#x6c;&#x74;o&#58;&#x6d;&#x69;&#x72;k&#111;&#x5f;&#x62;&#x6f;n&#110;&#x6d;&#x61;&#x6e;n&#64;&#x79;&#x61;&#x68;o&#111;&#x2e;&#x64;&#x65;">&#109;i&#x72;k&#x6f;_&#x62;o&#x6e;n&#x6d;a&#x6e;&#110;&#x40;&#121;&#x61;&#104;&#x6f;&#111;&#x2e;&#100;&#x65;</a></p>



<h3 class="wp-block-heading"></h3>



<p>Mehr Informationen zu unseren Trainern findest Du <a href="https://tanzsport-willich.de/?page_id=489">hier</a>.</p>

<p>Tanzen, singen, lachen … Kinder haben Spaß an Musik und Bewegung! Voller Freude und Energie werden Motorik, Rhythmusgefühl, Teamgeist und Selbstbewusstsein gefördert. Nach dem Erlernen grundlegender Bewegungsformen werden auf spielerische Art immer komplexere Schrittfolgen beim Kindertanz getanzt. Wir tanzen zu Musik die Spaß macht, Kinderlieder wie aktuelle Hits aus den Charts! Kindertanz Tag Kindertanz 1&#8230;</p>
